{"id":1678,"date":"2023-04-14T17:38:31","date_gmt":"2023-04-14T15:38:31","guid":{"rendered":"https:\/\/chavannes-le-veyron.ch\/?page_id=1678"},"modified":"2023-04-23T06:55:18","modified_gmt":"2023-04-23T04:55:18","slug":"1678-2","status":"publish","type":"page","link":"https:\/\/chavannes-le-veyron.ch\/index.php\/1678-2\/","title":{"rendered":"Naturalisation"},"content":{"rendered":"<p>[et_pb_section fb_built=\u00a0\u00bb1&Prime; _builder_version=\u00a0\u00bb4.20.4&Prime; _module_preset=\u00a0\u00bbdefault\u00a0\u00bb background_image=\u00a0\u00bbhttps:\/\/chavannes-le-veyron.ch\/wp-content\/uploads\/2023\/04\/Controle-hab.-Formalites-IMG_2467-scaled.jpg\u00a0\u00bb parallax=\u00a0\u00bbon\u00a0\u00bb min_height=\u00a0\u00bb246px\u00a0\u00bb height=\u00a0\u00bb345px\u00a0\u00bb global_colors_info=\u00a0\u00bb{}\u00a0\u00bb][\/et_pb_section][et_pb_section fb_built=\u00a0\u00bb1&Prime; _builder_version=\u00a0\u00bb4.20.4&Prime; _module_preset=\u00a0\u00bbdefault\u00a0\u00bb min_height=\u00a0\u00bb239.6px\u00a0\u00bb global_colors_info=\u00a0\u00bb{}\u00a0\u00bb][et_pb_row _builder_version=\u00a0\u00bb4.20.4&Prime; _module_preset=\u00a0\u00bbdefault\u00a0\u00bb global_colors_info=\u00a0\u00bb{}\u00a0\u00bb][et_pb_column type=\u00a0\u00bb4_4&Prime; _builder_version=\u00a0\u00bb4.20.4&Prime; _module_preset=\u00a0\u00bbdefault\u00a0\u00bb global_colors_info=\u00a0\u00bb{}\u00a0\u00bb][et_pb_text _builder_version=\u00a0\u00bb4.20.4&Prime; _module_preset=\u00a0\u00bbdefault\u00a0\u00bb global_colors_info=\u00a0\u00bb{}\u00a0\u00bb]<\/p>\n<h2><strong>Naturalisation<\/strong><\/h2>\n<p>[\/et_pb_text][\/et_pb_column][\/et_pb_row][et_pb_row _builder_version=\u00a0\u00bb4.20.4&Prime; _module_preset=\u00a0\u00bbdefault\u00a0\u00bb global_colors_info=\u00a0\u00bb{}\u00a0\u00bb][et_pb_column type=\u00a0\u00bb4_4&Prime; _builder_version=\u00a0\u00bb4.20.4&Prime; _module_preset=\u00a0\u00bbdefault\u00a0\u00bb global_colors_info=\u00a0\u00bb{}\u00a0\u00bb][et_pb_text _builder_version=\u00a0\u00bb4.20.4&Prime; _module_preset=\u00a0\u00bbdefault\u00a0\u00bb hover_enabled=\u00a0\u00bb0&Prime; global_colors_info=\u00a0\u00bb{}\u00a0\u00bb sticky_enabled=\u00a0\u00bb0&Prime;]La nouvelle proc\u00e9dure de naturalisation est entr\u00e9e en vigueur au 1er janvier 2018.<br \/>\nLe site de l&rsquo;Etat de Vaud vous d\u00e9taille les diverses proc\u00e9dures de naturalisation. Vous pouvez y acc\u00e9der par le biais de <a href=\"https:\/\/www.vd.ch\/themes\/population\/population-etrangere\/naturalisation\" target=\"_blank\" rel=\"noopener\">ce lien<\/a>.[\/et_pb_text][et_pb_text _builder_version=\u00a0\u00bb4.20.4&Prime; _module_preset=\u00a0\u00bbdefault\u00a0\u00bb hover_enabled=\u00a0\u00bb0&Prime; global_colors_info=\u00a0\u00bb{}\u00a0\u00bb sticky_enabled=\u00a0\u00bb0&Prime;]En suivant ce <a href=\"https:\/\/www.vd.ch\/themes\/population\/population-etrangere\/naturalisation\/naturalisation-preparer-le-test-de-connaissances\/\" target=\"_blank\" rel=\"noopener\">lien<\/a>, vous acc\u00e9dez \u00e0 l&rsquo;application A-Vaud-test et pouvez vous familiariser avec les questions. L&rsquo;app est compatible avec un \u00e9cran de t\u00e9l\u00e9phone portable ou d&rsquo;ordinateur.[\/et_pb_text][\/et_pb_column][\/et_pb_row][\/et_pb_section]<\/p>\n","protected":false},"excerpt":{"rendered":"<p>NaturalisationLa nouvelle proc\u00e9dure de naturalisation est entr\u00e9e en vigueur au 1er janvier 2018. Le site de l&rsquo;Etat de Vaud vous d\u00e9taille les diverses proc\u00e9dures de naturalisation. Vous pouvez y acc\u00e9der [&hellip;]<\/p>\n","protected":false},"author":1,"featured_media":0,"parent":0,"menu_order":0,"comment_status":"closed","ping_status":"closed","template":"","meta":{"_et_pb_use_builder":"on","_et_pb_old_content":"","_et_gb_content_width":"","footnotes":""},"class_list":["post-1678","page","type-page","status-publish","hentry"],"_links":{"self":[{"href":"https:\/\/chavannes-le-veyron.ch\/index.php\/wp-json\/wp\/v2\/pages\/1678","targetHints":{"allow":["GET"]}}],"collection":[{"href":"https:\/\/chavannes-le-veyron.ch\/index.php\/wp-json\/wp\/v2\/pages"}],"about":[{"href":"https:\/\/chavannes-le-veyron.ch\/index.php\/wp-json\/wp\/v2\/types\/page"}],"author":[{"embeddable":true,"href":"https:\/\/chavannes-le-veyron.ch\/index.php\/wp-json\/wp\/v2\/users\/1"}],"replies":[{"embeddable":true,"href":"https:\/\/chavannes-le-veyron.ch\/index.php\/wp-json\/wp\/v2\/comments?post=1678"}],"version-history":[{"count":8,"href":"https:\/\/chavannes-le-veyron.ch\/index.php\/wp-json\/wp\/v2\/pages\/1678\/revisions"}],"predecessor-version":[{"id":2020,"href":"https:\/\/chavannes-le-veyron.ch\/index.php\/wp-json\/wp\/v2\/pages\/1678\/revisions\/2020"}],"wp:attachment":[{"href":"https:\/\/chavannes-le-veyron.ch\/index.php\/wp-json\/wp\/v2\/media?parent=1678"}],"curies":[{"name":"wp","href":"https:\/\/api.w.org\/{rel}","templated":true}]}}

<p>[et_pb_section fb_built= »1&Prime; _builder_version= »4.20.4&Prime; _module_preset= »default » background_image= »https://chavannes-le-veyron.ch/wp-content/uploads/2023/04/Controle-hab.-Formalites-IMG_2467-scaled.jpg » parallax= »on » min_height= »246px » height= »345px » global_colors_info= »{} »][/et_pb_section][et_pb_section fb_built= »1&Prime; _builder_version= »4.20.4&Prime; _module_preset= »default » min_height= »239.6px » global_colors_info= »{} »][et_pb_row _builder_version= »4.20.4&Prime; _module_preset= »default » global_colors_info= »{} »][et_pb_column type= »4_4&Prime; _builder_version= »4.20.4&Prime; _module_preset= »default » global_colors_info= »{} »][et_pb_text _builder_version= »4.20.4&Prime; _module_preset= »default » global_colors_info= »{} »]</p>
<h2><strong>Naturalisation</strong></h2>
<p>[/et_pb_text][/et_pb_column][/et_pb_row][et_pb_row _builder_version= »4.20.4&Prime; _module_preset= »default » global_colors_info= »{} »][et_pb_column type= »4_4&Prime; _builder_version= »4.20.4&Prime; _module_preset= »default » global_colors_info= »{} »][et_pb_text _builder_version= »4.20.4&Prime; _module_preset= »default » hover_enabled= »0&Prime; global_colors_info= »{} » sticky_enabled= »0&Prime;]La nouvelle procédure de naturalisation est entrée en vigueur au 1er janvier 2018.<br />
Le site de l&rsquo;Etat de Vaud vous détaille les diverses procédures de naturalisation. Vous pouvez y accéder par le biais de <a href="https://www.vd.ch/themes/population/population-etrangere/naturalisation" target="_blank" rel="noopener">ce lien</a>.[/et_pb_text][et_pb_text _builder_version= »4.20.4&Prime; _module_preset= »default » hover_enabled= »0&Prime; global_colors_info= »{} » sticky_enabled= »0&Prime;]En suivant ce <a href="https://www.vd.ch/themes/population/population-etrangere/naturalisation/naturalisation-preparer-le-test-de-connaissances/" target="_blank" rel="noopener">lien</a>, vous accédez à l&rsquo;application A-Vaud-test et pouvez vous familiariser avec les questions. L&rsquo;app est compatible avec un écran de téléphone portable ou d&rsquo;ordinateur.[/et_pb_text][/et_pb_column][/et_pb_row][/et_pb_section]</p>

<p>NaturalisationLa nouvelle procédure de naturalisation est entrée en vigueur au 1er janvier 2018. Le site de l&rsquo;Etat de Vaud vous détaille les diverses procédures de naturalisation. Vous pouvez y accéder [&hellip;]</p>
