{"id":1704,"date":"2023-04-14T18:01:22","date_gmt":"2023-04-14T16:01:22","guid":{"rendered":"https:\/\/chavannes-le-veyron.ch\/?page_id=1704"},"modified":"2024-10-22T11:14:17","modified_gmt":"2024-10-22T09:14:17","slug":"1704-2","status":"publish","type":"page","link":"https:\/\/chavannes-le-veyron.ch\/index.php\/1704-2\/","title":{"rendered":"Foret"},"content":{"rendered":"<p>[et_pb_section fb_built=\u00a0\u00bb1&Prime; _builder_version=\u00a0\u00bb4.20.4&Prime; _module_preset=\u00a0\u00bbdefault\u00a0\u00bb background_image=\u00a0\u00bbhttps:\/\/chavannes-le-veyron.ch\/wp-content\/uploads\/2023\/04\/Services-communaux-Foret-IMG_2691-scaled.jpg\u00a0\u00bb background_position=\u00a0\u00bbbottom_left\u00a0\u00bb background_vertical_offset=\u00a0\u00bb31%\u00a0\u00bb height=\u00a0\u00bb345px\u00a0\u00bb global_colors_info=\u00a0\u00bb{}\u00a0\u00bb][\/et_pb_section][et_pb_section fb_built=\u00a0\u00bb1&Prime; specialty=\u00a0\u00bbon\u00a0\u00bb _builder_version=\u00a0\u00bb4.16&Prime; _module_preset=\u00a0\u00bbdefault\u00a0\u00bb global_colors_info=\u00a0\u00bb{}\u00a0\u00bb][et_pb_column type=\u00a0\u00bb3_4&Prime; specialty_columns=\u00a0\u00bb3&Prime; _builder_version=\u00a0\u00bb4.16&Prime; custom_padding=\u00a0\u00bb|||\u00a0\u00bb global_colors_info=\u00a0\u00bb{}\u00a0\u00bb custom_padding__hover=\u00a0\u00bb|||\u00a0\u00bb][et_pb_row_inner _builder_version=\u00a0\u00bb4.16&Prime; _module_preset=\u00a0\u00bbdefault\u00a0\u00bb global_colors_info=\u00a0\u00bb{}\u00a0\u00bb][et_pb_column_inner saved_specialty_column_type=\u00a0\u00bb3_4&Prime; _builder_version=\u00a0\u00bb4.16&Prime; _module_preset=\u00a0\u00bbdefault\u00a0\u00bb global_colors_info=\u00a0\u00bb{}\u00a0\u00bb][et_pb_text _builder_version=\u00a0\u00bb4.20.4&Prime; _module_preset=\u00a0\u00bbdefault\u00a0\u00bb global_colors_info=\u00a0\u00bb{}\u00a0\u00bb]<\/p>\n<h1><strong>For\u00eat<br \/><\/strong><\/h1>\n<p>[\/et_pb_text][et_pb_text _builder_version=\u00a0\u00bb4.20.4&Prime; _module_preset=\u00a0\u00bbdefault\u00a0\u00bb global_colors_info=\u00a0\u00bb{}\u00a0\u00bb]<\/p>\n<p>Inspecteur forestier de 15\u00e8me arrondissement &#8211; M. Marc-Andr\u00e9 Silva<br \/>T\u00e9l. : 021 557 49 90 et 076 362 11 83<\/p>\n<p>Garde du Groupement forestier Veyron-L\u00e9man, triage de La Senoge &#8211; Mme M\u00e9lanie Ledoux<br \/>Mobile : 078 257 37 83<\/p>\n<p>La commune de Chavannes-le-Veyon compte 65.4 ha de for\u00eats. Elles sont compos\u00e9es d&rsquo;environ 66% de r\u00e9sineux, soit l&rsquo;\u00e9pic\u00e9a en grande majorit\u00e9 suivi du sapin, du m\u00e9l\u00e8ze et du pin. Chez les feuillus, le h\u00eatre vient en t\u00eate, suivi du ch\u00eane et de diverses essences (\u00e9rable, fr\u00eane et autres).<br \/>En for\u00eat, nous encourageons une attitude responsable et vous invitons \u00e0 parcourir <a title=\"le Petit guide du savoir-vivre en for\u00eat\" href=\"\/wp-content\/uploads\/2023\/04\/GuideenForet-flyer.pdf\" target=\"_blank\" rel=\"noopener\">le Petit guide du savoir-vivre en for\u00eat.<\/a> Notre for\u00eat est certifi\u00e9e exploit\u00e9e durablement. Et nous sommes membres de:<\/p>\n<p><strong>La Foresti\u00e8re<\/strong><br \/>Soci\u00e9t\u00e9 coop\u00e9rative de propri\u00e9taires et exploitants forestiers<br \/>Rte de la Chocolati\u00e8re 26<br \/>Case postale 129<br \/>CH-1026 Echandens<br \/>+41 21 706 50 20<br \/>+41 21 706 50 29<br \/>info@laforestiere.ch<br \/><a href=\"http:\/\/www.laforestiere.ch\" target=\"_blank\" rel=\"noopener\">www.laforestiere.ch<\/a><\/p>\n<p><strong>Chambre des bois de l\u2019Ouest vaudois CBOVd<\/strong><br \/>p.a. Fran\u00e7ois Godi<br \/>Charg\u00e9 d\u2019affaires<br \/>Ch. du Franoz 11<br \/>1038 Bercher<br \/>info@cbovd.ch<br \/><a href=\"http:\/\/www.cbovd.ch\" target=\"_blank\" rel=\"noopener\">www.cbovd.ch<\/a><\/p>\n<p><strong>Arboretum du Vallon de l\u2019Aubonne<\/strong><br \/>Chemin de Plan 92<br \/>1170 Aubonne<br \/>+41 21\u00a0808 51 83<br \/>contact@arboretum.ch<br \/><a href=\"http:\/\/www.arboretum.ch\" target=\"_blank\" rel=\"noopener\">www.arboretum.ch<\/a><\/p>\n<p><strong>Lignum &#8211; Economie suisse du bois<\/strong><br \/>Chemin de Budron H6 \/ Case postale 113<br \/>1052 Le Mont-sur-Lausanne<br \/>T\u00e9l. +41 21 652 62 22\/23<br \/>Fax +41 21 652 93 41<br \/>cedotec@lignum.ch<br \/><a href=\"http:\/\/www.lignum.ch\" target=\"_blank\" rel=\"noopener\">www.lignum.ch<\/a><\/p>\n<p>[\/et_pb_text][\/et_pb_column_inner][\/et_pb_row_inner][\/et_pb_column][et_pb_column type=\u00a0\u00bb1_4&Prime; _builder_version=\u00a0\u00bb4.16&Prime; custom_padding=\u00a0\u00bb|||\u00a0\u00bb global_colors_info=\u00a0\u00bb{}\u00a0\u00bb custom_padding__hover=\u00a0\u00bb|||\u00a0\u00bb][et_pb_sidebar area=\u00a0\u00bbet_pb_widget_area_8&Prime; _builder_version=\u00a0\u00bb4.20.4&Prime; _module_preset=\u00a0\u00bbdefault\u00a0\u00bb custom_padding=\u00a0\u00bb12px|||8px|false|false\u00a0\u00bb sticky_position=\u00a0\u00bbtop_bottom\u00a0\u00bb sticky_position_tablet=\u00a0\u00bbnone\u00a0\u00bb sticky_position_phone=\u00a0\u00bb\u00a0\u00bb sticky_position_last_edited=\u00a0\u00bbon|desktop\u00a0\u00bb border_width_all=\u00a0\u00bb1px\u00a0\u00bb border_color_all=\u00a0\u00bb#0C71C3&Prime; global_colors_info=\u00a0\u00bb{}\u00a0\u00bb][\/et_pb_sidebar][et_pb_sidebar _builder_version=\u00a0\u00bb4.20.4&Prime; _module_preset=\u00a0\u00bbdefault\u00a0\u00bb global_colors_info=\u00a0\u00bb{}\u00a0\u00bb][\/et_pb_sidebar][\/et_pb_column][\/et_pb_section]<\/p>\n","protected":false},"excerpt":{"rendered":"<p>For\u00eatInspecteur forestier de 15\u00e8me arrondissement &#8211; M. Marc-Andr\u00e9 SilvaT\u00e9l. : 021 557 49 90 et 076 362 11 83 Garde du Groupement forestier Veyron-L\u00e9man, triage de La Senoge &#8211; Mme [&hellip;]<\/p>\n","protected":false},"author":1,"featured_media":0,"parent":0,"menu_order":0,"comment_status":"closed","ping_status":"closed","template":"","meta":{"_et_pb_use_builder":"on","_et_pb_old_content":"","_et_gb_content_width":"","footnotes":""},"class_list":["post-1704","page","type-page","status-publish","hentry"],"_links":{"self":[{"href":"https:\/\/chavannes-le-veyron.ch\/index.php\/wp-json\/wp\/v2\/pages\/1704","targetHints":{"allow":["GET"]}}],"collection":[{"href":"https:\/\/chavannes-le-veyron.ch\/index.php\/wp-json\/wp\/v2\/pages"}],"about":[{"href":"https:\/\/chavannes-le-veyron.ch\/index.php\/wp-json\/wp\/v2\/types\/page"}],"author":[{"embeddable":true,"href":"https:\/\/chavannes-le-veyron.ch\/index.php\/wp-json\/wp\/v2\/users\/1"}],"replies":[{"embeddable":true,"href":"https:\/\/chavannes-le-veyron.ch\/index.php\/wp-json\/wp\/v2\/comments?post=1704"}],"version-history":[{"count":18,"href":"https:\/\/chavannes-le-veyron.ch\/index.php\/wp-json\/wp\/v2\/pages\/1704\/revisions"}],"predecessor-version":[{"id":2554,"href":"https:\/\/chavannes-le-veyron.ch\/index.php\/wp-json\/wp\/v2\/pages\/1704\/revisions\/2554"}],"wp:attachment":[{"href":"https:\/\/chavannes-le-veyron.ch\/index.php\/wp-json\/wp\/v2\/media?parent=1704"}],"curies":[{"name":"wp","href":"https:\/\/api.w.org\/{rel}","templated":true}]}}

<p>[et_pb_section fb_built= »1&Prime; _builder_version= »4.20.4&Prime; _module_preset= »default » background_image= »https://chavannes-le-veyron.ch/wp-content/uploads/2023/04/Services-communaux-Foret-IMG_2691-scaled.jpg » background_position= »bottom_left » background_vertical_offset= »31% » height= »345px » global_colors_info= »{} »][/et_pb_section][et_pb_section fb_built= »1&Prime; specialty= »on » _builder_version= »4.16&Prime; _module_preset= »default » global_colors_info= »{} »][et_pb_column type= »3_4&Prime; specialty_columns= »3&Prime; _builder_version= »4.16&Prime; custom_padding= »||| » global_colors_info= »{} » custom_padding__hover= »||| »][et_pb_row_inner _builder_version= »4.16&Prime; _module_preset= »default » global_colors_info= »{} »][et_pb_column_inner saved_specialty_column_type= »3_4&Prime; _builder_version= »4.16&Prime; _module_preset= »default » global_colors_info= »{} »][et_pb_text _builder_version= »4.20.4&Prime; _module_preset= »default » global_colors_info= »{} »]</p>
<h1><strong>Forêt<br /></strong></h1>
<p>[/et_pb_text][et_pb_text _builder_version= »4.20.4&Prime; _module_preset= »default » global_colors_info= »{} »]</p>
<p>Inspecteur forestier de 15ème arrondissement &#8211; M. Marc-André Silva<br />Tél. : 021 557 49 90 et 076 362 11 83</p>
<p>Garde du Groupement forestier Veyron-Léman, triage de La Senoge &#8211; Mme Mélanie Ledoux<br />Mobile : 078 257 37 83</p>
<p>La commune de Chavannes-le-Veyon compte 65.4 ha de forêts. Elles sont composées d&rsquo;environ 66% de résineux, soit l&rsquo;épicéa en grande majorité suivi du sapin, du mélèze et du pin. Chez les feuillus, le hêtre vient en tête, suivi du chêne et de diverses essences (érable, frêne et autres).<br />En forêt, nous encourageons une attitude responsable et vous invitons à parcourir <a title="le Petit guide du savoir-vivre en forêt" href="/wp-content/uploads/2023/04/GuideenForet-flyer.pdf" target="_blank" rel="noopener">le Petit guide du savoir-vivre en forêt.</a> Notre forêt est certifiée exploitée durablement. Et nous sommes membres de:</p>
<p><strong>La Forestière</strong><br />Société coopérative de propriétaires et exploitants forestiers<br />Rte de la Chocolatière 26<br />Case postale 129<br />CH-1026 Echandens<br />+41 21 706 50 20<br />+41 21 706 50 29<br />info@laforestiere.ch<br /><a href="http://www.laforestiere.ch" target="_blank" rel="noopener">www.laforestiere.ch</a></p>
<p><strong>Chambre des bois de l’Ouest vaudois CBOVd</strong><br />p.a. François Godi<br />Chargé d’affaires<br />Ch. du Franoz 11<br />1038 Bercher<br />info@cbovd.ch<br /><a href="http://www.cbovd.ch" target="_blank" rel="noopener">www.cbovd.ch</a></p>
<p><strong>Arboretum du Vallon de l’Aubonne</strong><br />Chemin de Plan 92<br />1170 Aubonne<br />+41 21 808 51 83<br />contact@arboretum.ch<br /><a href="http://www.arboretum.ch" target="_blank" rel="noopener">www.arboretum.ch</a></p>
<p><strong>Lignum &#8211; Economie suisse du bois</strong><br />Chemin de Budron H6 / Case postale 113<br />1052 Le Mont-sur-Lausanne<br />Tél. +41 21 652 62 22/23<br />Fax +41 21 652 93 41<br />cedotec@lignum.ch<br /><a href="http://www.lignum.ch" target="_blank" rel="noopener">www.lignum.ch</a></p>
<p>[/et_pb_text][/et_pb_column_inner][/et_pb_row_inner][/et_pb_column][et_pb_column type= »1_4&Prime; _builder_version= »4.16&Prime; custom_padding= »||| » global_colors_info= »{} » custom_padding__hover= »||| »][et_pb_sidebar area= »et_pb_widget_area_8&Prime; _builder_version= »4.20.4&Prime; _module_preset= »default » custom_padding= »12px|||8px|false|false » sticky_position= »top_bottom » sticky_position_tablet= »none » sticky_position_phone= » » sticky_position_last_edited= »on|desktop » border_width_all= »1px » border_color_all= »#0C71C3&Prime; global_colors_info= »{} »][/et_pb_sidebar][et_pb_sidebar _builder_version= »4.20.4&Prime; _module_preset= »default » global_colors_info= »{} »][/et_pb_sidebar][/et_pb_column][/et_pb_section]</p>

<p>ForêtInspecteur forestier de 15ème arrondissement &#8211; M. Marc-André SilvaTél. : 021 557 49 90 et 076 362 11 83 Garde du Groupement forestier Veyron-Léman, triage de La Senoge &#8211; Mme [&hellip;]</p>
