{"id":340,"date":"2021-06-01T19:04:08","date_gmt":"2021-06-01T17:04:08","guid":{"rendered":"http:\/\/192.168.2.112\/?page_id=340"},"modified":"2025-01-30T07:05:53","modified_gmt":"2025-01-30T06:05:53","slug":"340-2","status":"publish","type":"page","link":"https:\/\/chavannes-le-veyron.ch\/index.php\/340-2\/","title":{"rendered":"Taxes diverses"},"content":{"rendered":"<p>[et_pb_section fb_built=\u00a0\u00bb1&Prime; _builder_version=\u00a0\u00bb4.20.4&Prime; _module_preset=\u00a0\u00bbdefault\u00a0\u00bb background_color=\u00a0\u00bbRGBA(255,255,255,0)\u00a0\u00bb background_image=\u00a0\u00bbhttps:\/\/chavannes-le-veyron.ch\/wp-content\/uploads\/2023\/04\/Controle-hab.-Formalites-IMG_2467-scaled.jpg\u00a0\u00bb parallax=\u00a0\u00bbon\u00a0\u00bb min_height=\u00a0\u00bb229px\u00a0\u00bb height=\u00a0\u00bb345px\u00a0\u00bb global_colors_info=\u00a0\u00bb{}\u00a0\u00bb][\/et_pb_section][et_pb_section fb_built=\u00a0\u00bb1&Prime; specialty=\u00a0\u00bbon\u00a0\u00bb _builder_version=\u00a0\u00bb4.16&Prime; _module_preset=\u00a0\u00bbdefault\u00a0\u00bb global_colors_info=\u00a0\u00bb{}\u00a0\u00bb][et_pb_column type=\u00a0\u00bb3_4&Prime; specialty_columns=\u00a0\u00bb3&Prime; _builder_version=\u00a0\u00bb4.16&Prime; custom_padding=\u00a0\u00bb|||\u00a0\u00bb global_colors_info=\u00a0\u00bb{}\u00a0\u00bb custom_padding__hover=\u00a0\u00bb|||\u00a0\u00bb][et_pb_row_inner _builder_version=\u00a0\u00bb4.16&Prime; _module_preset=\u00a0\u00bbdefault\u00a0\u00bb global_colors_info=\u00a0\u00bb{}\u00a0\u00bb][et_pb_column_inner saved_specialty_column_type=\u00a0\u00bb3_4&Prime; _builder_version=\u00a0\u00bb4.16&Prime; _module_preset=\u00a0\u00bbdefault\u00a0\u00bb global_colors_info=\u00a0\u00bb{}\u00a0\u00bb][et_pb_text _builder_version=\u00a0\u00bb4.20.4&Prime; _module_preset=\u00a0\u00bbdefault\u00a0\u00bb global_colors_info=\u00a0\u00bb{}\u00a0\u00bb]<\/p>\n<h1><strong>Taxes annuelles diverses<\/strong><\/h1>\n<p>[\/et_pb_text][\/et_pb_column_inner][\/et_pb_row_inner][et_pb_row_inner _builder_version=\u00a0\u00bb4.16&Prime; _module_preset=\u00a0\u00bbdefault\u00a0\u00bb global_colors_info=\u00a0\u00bb{}\u00a0\u00bb][et_pb_column_inner saved_specialty_column_type=\u00a0\u00bb3_4&Prime; _builder_version=\u00a0\u00bb4.16&Prime; _module_preset=\u00a0\u00bbdefault\u00a0\u00bb global_colors_info=\u00a0\u00bb{}\u00a0\u00bb][et_pb_text _builder_version=\u00a0\u00bb4.27.4&Prime; _module_preset=\u00a0\u00bbdefault\u00a0\u00bb hover_enabled=\u00a0\u00bb0&Prime; global_colors_info=\u00a0\u00bb{}\u00a0\u00bb sticky_enabled=\u00a0\u00bb0&Prime;]<\/p>\n<table style=\"height: 168px; width: 100%; border-collapse: collapse; border-style: none;\" border=\"1\">\n<tbody>\n<tr style=\"height: 24px;\">\n<td style=\"width: 50%; height: 24px; border-style: none;\">Imp\u00f4t sur les chiens<\/td>\n<td style=\"width: 50%; height: 24px; border-style: none;\">CHF 60.- par chien<\/td>\n<\/tr>\n<tr style=\"height: 24px;\">\n<td style=\"width: 50%; height: 24px; border-style: none;\">Taxe d\u00e9chets<\/td>\n<td style=\"width: 50%; height: 24px; border-style: none;\">CHF 130.- par personne d\u00e8s 19 ans<\/td>\n<\/tr>\n<tr style=\"height: 24px;\">\n<td style=\"width: 50%; height: 24px; border-style: none;\">Eau potable<\/td>\n<td style=\"width: 50%; height: 24px; border-style: none;\">CHF 0.95 \/ m3 d&rsquo;eau consomm\u00e9<\/td>\n<\/tr>\n<tr style=\"height: 24px;\">\n<td style=\"width: 50%; height: 24px; border-style: none;\">Taxe d&rsquo;\u00e9puration<\/td>\n<td style=\"width: 50%; height: 24px; border-style: none;\">CHF 150.- par personne d\u00e8s 16 ans<\/td>\n<\/tr>\n<tr style=\"height: 24px;\">\n<td style=\"width: 50%; border-style: none; height: 24px;\"><\/td>\n<td style=\"width: 50%; border-style: none; height: 24px;\">CHF 50.- par enfant de moins de 16 ans<\/td>\n<\/tr>\n<tr style=\"height: 24px;\">\n<td style=\"width: 50%; border-style: none; height: 24px;\">Taxe d&rsquo;entretien du r\u00e9seau d&rsquo;\u00e9puration<\/td>\n<td style=\"width: 50%; border-style: none; height: 24px;\">CHF 200.- par m\u00e9nage<\/td>\n<\/tr>\n<\/tbody>\n<\/table>\n<p>&nbsp;<\/p>\n<p>&nbsp;<\/p>\n<p>&nbsp;<\/p>\n<p>&nbsp;<\/p>\n<p>[\/et_pb_text][\/et_pb_column_inner][\/et_pb_row_inner][\/et_pb_column][et_pb_column type=\u00a0\u00bb1_4&Prime; _builder_version=\u00a0\u00bb4.16&Prime; custom_padding=\u00a0\u00bb|||\u00a0\u00bb global_colors_info=\u00a0\u00bb{}\u00a0\u00bb custom_padding__hover=\u00a0\u00bb|||\u00a0\u00bb][et_pb_sidebar area=\u00a0\u00bbet_pb_widget_area_13&Prime; _builder_version=\u00a0\u00bb4.16&Prime; _module_preset=\u00a0\u00bbdefault\u00a0\u00bb custom_padding=\u00a0\u00bb12px|||8px|false|false\u00a0\u00bb sticky_position=\u00a0\u00bbtop_bottom\u00a0\u00bb sticky_position_tablet=\u00a0\u00bbnone\u00a0\u00bb sticky_position_phone=\u00a0\u00bb\u00a0\u00bb sticky_position_last_edited=\u00a0\u00bbon|desktop\u00a0\u00bb border_width_all=\u00a0\u00bb1px\u00a0\u00bb border_color_all=\u00a0\u00bb#0C71C3&Prime; global_colors_info=\u00a0\u00bb{}\u00a0\u00bb][\/et_pb_sidebar][\/et_pb_column][\/et_pb_section]<\/p>\n","protected":false},"excerpt":{"rendered":"<p>Taxes annuelles diverses Imp\u00f4t sur les chiens CHF 60.- par chien Taxe d\u00e9chets CHF 130.- par personne d\u00e8s 19 ans Eau potable CHF 0.95 \/ m3 d&rsquo;eau consomm\u00e9 Taxe d&rsquo;\u00e9puration [&hellip;]<\/p>\n","protected":false},"author":1,"featured_media":0,"parent":0,"menu_order":0,"comment_status":"closed","ping_status":"closed","template":"","meta":{"_et_pb_use_builder":"on","_et_pb_old_content":"","_et_gb_content_width":"","footnotes":""},"class_list":["post-340","page","type-page","status-publish","hentry"],"_links":{"self":[{"href":"https:\/\/chavannes-le-veyron.ch\/index.php\/wp-json\/wp\/v2\/pages\/340","targetHints":{"allow":["GET"]}}],"collection":[{"href":"https:\/\/chavannes-le-veyron.ch\/index.php\/wp-json\/wp\/v2\/pages"}],"about":[{"href":"https:\/\/chavannes-le-veyron.ch\/index.php\/wp-json\/wp\/v2\/types\/page"}],"author":[{"embeddable":true,"href":"https:\/\/chavannes-le-veyron.ch\/index.php\/wp-json\/wp\/v2\/users\/1"}],"replies":[{"embeddable":true,"href":"https:\/\/chavannes-le-veyron.ch\/index.php\/wp-json\/wp\/v2\/comments?post=340"}],"version-history":[{"count":16,"href":"https:\/\/chavannes-le-veyron.ch\/index.php\/wp-json\/wp\/v2\/pages\/340\/revisions"}],"predecessor-version":[{"id":2670,"href":"https:\/\/chavannes-le-veyron.ch\/index.php\/wp-json\/wp\/v2\/pages\/340\/revisions\/2670"}],"wp:attachment":[{"href":"https:\/\/chavannes-le-veyron.ch\/index.php\/wp-json\/wp\/v2\/media?parent=340"}],"curies":[{"name":"wp","href":"https:\/\/api.w.org\/{rel}","templated":true}]}}

<p>[et_pb_section fb_built= »1&Prime; _builder_version= »4.20.4&Prime; _module_preset= »default » background_color= »RGBA(255,255,255,0) » background_image= »https://chavannes-le-veyron.ch/wp-content/uploads/2023/04/Controle-hab.-Formalites-IMG_2467-scaled.jpg » parallax= »on » min_height= »229px » height= »345px » global_colors_info= »{} »][/et_pb_section][et_pb_section fb_built= »1&Prime; specialty= »on » _builder_version= »4.16&Prime; _module_preset= »default » global_colors_info= »{} »][et_pb_column type= »3_4&Prime; specialty_columns= »3&Prime; _builder_version= »4.16&Prime; custom_padding= »||| » global_colors_info= »{} » custom_padding__hover= »||| »][et_pb_row_inner _builder_version= »4.16&Prime; _module_preset= »default » global_colors_info= »{} »][et_pb_column_inner saved_specialty_column_type= »3_4&Prime; _builder_version= »4.16&Prime; _module_preset= »default » global_colors_info= »{} »][et_pb_text _builder_version= »4.20.4&Prime; _module_preset= »default » global_colors_info= »{} »]</p>
<h1><strong>Taxes annuelles diverses</strong></h1>
<p>[/et_pb_text][/et_pb_column_inner][/et_pb_row_inner][et_pb_row_inner _builder_version= »4.16&Prime; _module_preset= »default » global_colors_info= »{} »][et_pb_column_inner saved_specialty_column_type= »3_4&Prime; _builder_version= »4.16&Prime; _module_preset= »default » global_colors_info= »{} »][et_pb_text _builder_version= »4.27.4&Prime; _module_preset= »default » hover_enabled= »0&Prime; global_colors_info= »{} » sticky_enabled= »0&Prime;]</p>
<table style="height: 168px; width: 100%; border-collapse: collapse; border-style: none;" border="1">
<tbody>
<tr style="height: 24px;">
<td style="width: 50%; height: 24px; border-style: none;">Impôt sur les chiens</td>
<td style="width: 50%; height: 24px; border-style: none;">CHF 60.- par chien</td>
</tr>
<tr style="height: 24px;">
<td style="width: 50%; height: 24px; border-style: none;">Taxe déchets</td>
<td style="width: 50%; height: 24px; border-style: none;">CHF 130.- par personne dès 19 ans</td>
</tr>
<tr style="height: 24px;">
<td style="width: 50%; height: 24px; border-style: none;">Eau potable</td>
<td style="width: 50%; height: 24px; border-style: none;">CHF 0.95 / m3 d&rsquo;eau consommé</td>
</tr>
<tr style="height: 24px;">
<td style="width: 50%; height: 24px; border-style: none;">Taxe d&rsquo;épuration</td>
<td style="width: 50%; height: 24px; border-style: none;">CHF 150.- par personne dès 16 ans</td>
</tr>
<tr style="height: 24px;">
<td style="width: 50%; border-style: none; height: 24px;"></td>
<td style="width: 50%; border-style: none; height: 24px;">CHF 50.- par enfant de moins de 16 ans</td>
</tr>
<tr style="height: 24px;">
<td style="width: 50%; border-style: none; height: 24px;">Taxe d&rsquo;entretien du réseau d&rsquo;épuration</td>
<td style="width: 50%; border-style: none; height: 24px;">CHF 200.- par ménage</td>
</tr>
</tbody>
</table>
<p>&nbsp;</p>
<p>&nbsp;</p>
<p>&nbsp;</p>
<p>&nbsp;</p>
<p>[/et_pb_text][/et_pb_column_inner][/et_pb_row_inner][/et_pb_column][et_pb_column type= »1_4&Prime; _builder_version= »4.16&Prime; custom_padding= »||| » global_colors_info= »{} » custom_padding__hover= »||| »][et_pb_sidebar area= »et_pb_widget_area_13&Prime; _builder_version= »4.16&Prime; _module_preset= »default » custom_padding= »12px|||8px|false|false » sticky_position= »top_bottom » sticky_position_tablet= »none » sticky_position_phone= » » sticky_position_last_edited= »on|desktop » border_width_all= »1px » border_color_all= »#0C71C3&Prime; global_colors_info= »{} »][/et_pb_sidebar][/et_pb_column][/et_pb_section]</p>

<p>Taxes annuelles diverses Impôt sur les chiens CHF 60.- par chien Taxe déchets CHF 130.- par personne dès 19 ans Eau potable CHF 0.95 / m3 d&rsquo;eau consommé Taxe d&rsquo;épuration [&hellip;]</p>
