{"id":535,"date":"2021-06-10T19:32:33","date_gmt":"2021-06-10T17:32:33","guid":{"rendered":"http:\/\/testchavannes.ch\/?page_id=535"},"modified":"2023-04-22T16:26:01","modified_gmt":"2023-04-22T14:26:01","slug":"535-2","status":"publish","type":"page","link":"https:\/\/chavannes-le-veyron.ch\/index.php\/535-2\/","title":{"rendered":"Votations"},"content":{"rendered":"<p>[et_pb_section fb_built=\u00a0\u00bb1&Prime; _builder_version=\u00a0\u00bb4.20.4&Prime; _module_preset=\u00a0\u00bbdefault\u00a0\u00bb background_image=\u00a0\u00bbhttps:\/\/chavannes-le-veyron.ch\/wp-content\/uploads\/2023\/04\/Conseil-IMG_2505-scaled.jpg\u00a0\u00bb parallax=\u00a0\u00bbon\u00a0\u00bb min_height=\u00a0\u00bb235px\u00a0\u00bb hover_enabled=\u00a0\u00bb0&Prime; global_colors_info=\u00a0\u00bb{}\u00a0\u00bb height=\u00a0\u00bb345px\u00a0\u00bb sticky_enabled=\u00a0\u00bb0&Prime;][\/et_pb_section][et_pb_section fb_built=\u00a0\u00bb1&Prime; specialty=\u00a0\u00bbon\u00a0\u00bb _builder_version=\u00a0\u00bb4.16&Prime; _module_preset=\u00a0\u00bbdefault\u00a0\u00bb min_height=\u00a0\u00bb1225.8px\u00a0\u00bb global_colors_info=\u00a0\u00bb{}\u00a0\u00bb][et_pb_column type=\u00a0\u00bb3_4&Prime; specialty_columns=\u00a0\u00bb3&Prime; _builder_version=\u00a0\u00bb4.16&Prime; custom_padding=\u00a0\u00bb|||\u00a0\u00bb global_colors_info=\u00a0\u00bb{}\u00a0\u00bb custom_padding__hover=\u00a0\u00bb|||\u00a0\u00bb][et_pb_row_inner _builder_version=\u00a0\u00bb4.16&Prime; _module_preset=\u00a0\u00bbdefault\u00a0\u00bb global_colors_info=\u00a0\u00bb{}\u00a0\u00bb][et_pb_column_inner saved_specialty_column_type=\u00a0\u00bb3_4&Prime; _builder_version=\u00a0\u00bb4.16&Prime; _module_preset=\u00a0\u00bbdefault\u00a0\u00bb global_colors_info=\u00a0\u00bb{}\u00a0\u00bb][et_pb_text _builder_version=\u00a0\u00bb4.18.0&Prime; _module_preset=\u00a0\u00bbdefault\u00a0\u00bb global_colors_info=\u00a0\u00bb{}\u00a0\u00bb]<\/p>\n<h2><strong>Derni\u00e8re(s) votation(s) :<\/strong><\/h2>\n<p><a href=\"\/wp-content\/uploads\/2021\/06\/13-06-2021.pdf\" target=\"_blank\" rel=\"noopener\">R\u00e9sultat des votations du 13 juin 2021<\/a><\/p>\n<p><a href=\"\/wp-content\/uploads\/2021\/07\/Assemblee-commune-07.03.2021.pdf\" target=\"_blank\" rel=\"noopener\">Assembl\u00e9e de commune 07 Mars 2021<\/a><\/p>\n<p><a href=\"\/wp-content\/uploads\/2021\/07\/Resultats-07.03.2021.pdf\" target=\"_blank\" rel=\"noopener\">R\u00e9sultats votation 07 Mars 2021<\/a>[\/et_pb_text][\/et_pb_column_inner][\/et_pb_row_inner][et_pb_row_inner column_structure=\u00a0\u00bb1_2,1_2&Prime; _builder_version=\u00a0\u00bb4.16&Prime; _module_preset=\u00a0\u00bbdefault\u00a0\u00bb global_colors_info=\u00a0\u00bb{}\u00a0\u00bb][et_pb_column_inner type=\u00a0\u00bb1_2&Prime; saved_specialty_column_type=\u00a0\u00bb3_4&Prime; _builder_version=\u00a0\u00bb4.16&Prime; _module_preset=\u00a0\u00bbdefault\u00a0\u00bb global_colors_info=\u00a0\u00bb{}\u00a0\u00bb][et_pb_text _builder_version=\u00a0\u00bb4.16&Prime; _module_preset=\u00a0\u00bbdefault\u00a0\u00bb global_colors_info=\u00a0\u00bb{}\u00a0\u00bb]<\/p>\n<div class=\"container col_0\">\n<h3 class=\"bloc_title\">Comment voter &#8211; Principes<\/h3>\n<div class=\"bloc_paragraph wiki texal_left\">\n<p style=\"margin-top: 0;\">Chaque \u00e9lecteur re\u00e7oit \u00e0 son domicile l&rsquo;ensemble du mat\u00e9riel n\u00e9cessaire au vote. Celui-ci comprend une carte de vote nouvelle pour chaque scrutin. Celle-ci doit \u00eatre <strong>sign\u00e9e<\/strong> par l&rsquo;\u00e9lecteur qui y indique \u00e9galement sa <strong>date de naissance<\/strong>.<\/p>\n<p>Tous les bulletins de vote, peu importe leur niveau (f\u00e9d\u00e9ral, cantonal ou communal) et leur objet, doivent \u00eatre ins\u00e9r\u00e9s dans l&rsquo;enveloppe de vote jaune. Les bulletins \u00ab\u00a0volants\u00a0\u00bb ne sont pas pris en compte.<\/p>\n<p>Le mat\u00e9riel de vote (enveloppe de vote ferm\u00e9e + carte de vote) est \u00e0 renvoyer au moyen de l&rsquo;enveloppe de transmission grise, conform\u00e9ment aux instructions figurant au dos de celle-ci, <strong>et doit parvenir au Greffe municipal au plus tard le vendredi pr\u00e9c\u00e9dant le jour du scrutin<\/strong>. En cas d&rsquo;envoi par la poste, l&rsquo;enveloppe doit \u00eatre affranchie.<\/p>\n<p>L&rsquo;\u00e9lecteur a \u00e9galement la possibilit\u00e9 de d\u00e9poser son enveloppe de transmission non-affranchie dans les bo\u00eetes aux lettres suivantes :<\/p>\n<ul>\n<li>\u00e0 <strong>Chavannes-le-Veyron<\/strong>, dans la bo\u00eete aux lettres situ\u00e9e a droite de la porte du coll\u00e8ge,<\/li>\n<\/ul>\n<p style=\"margin-bottom: 0;\">jusqu&rsquo;au dimanche du scrutin, \u00e0 11h00, heure de fermeture du bureau de vote<\/p>\n<\/div>\n<\/div>\n<p>[\/et_pb_text][\/et_pb_column_inner][et_pb_column_inner type=\u00a0\u00bb1_2&Prime; saved_specialty_column_type=\u00a0\u00bb3_4&Prime; _builder_version=\u00a0\u00bb4.16&Prime; _module_preset=\u00a0\u00bbdefault\u00a0\u00bb global_colors_info=\u00a0\u00bb{}\u00a0\u00bb][et_pb_text _builder_version=\u00a0\u00bb4.16&Prime; _module_preset=\u00a0\u00bbdefault\u00a0\u00bb global_colors_info=\u00a0\u00bb{}\u00a0\u00bb]<\/p>\n<div class=\"container col_1\">\n<h3 class=\"bloc_title\">Bureau de vote<\/h3>\n<div class=\"bloc_paragraph wiki texal_left\">\n<p style=\"margin-top: 0;\">L&rsquo;\u00e9lecteur peut toujours se rendre <strong>personnellement<\/strong> au bureau de vote pour effectuer son devoir civique.<\/p>\n<p><strong>Emplacement du bureau de vote<\/strong><br \/>Rue des Fontaines 17<\/p>\n<p>1148 Chavannes-le-Veyron<\/p>\n<p>Ouvert tous les dimanches de votations de 10h00 \u00e0 11h00<br \/><span class=\"s1\">Il est n\u00e9cessaire de prendre avec soi le mat\u00e9riel re\u00e7u \u00e0 domicile.<\/span><\/p>\n<p><strong>Si l&rsquo;\u00e9lecteur n&rsquo;a pas re\u00e7u son mat\u00e9riel de vote, l&rsquo;a \u00e9gar\u00e9 ou re\u00e7u de mani\u00e8re incompl\u00e8te<\/strong><\/p>\n<ul>\n<li>Un duplicata de carte peut \u00eatre obtenu aupr\u00e8s de l&rsquo;Office de la population. L&rsquo;\u00e9lecteur doit se pr\u00e9senter en personne, muni d&rsquo;une pi\u00e8ce d&rsquo;identit\u00e9.<\/li>\n<li>Du mat\u00e9riel de remplacement (bulletins et enveloppes de vote, enveloppes de transmission, instructions) peut \u00eatre remis par l&rsquo;Office de la population ou, le dimanche, au bureau de vote.<\/li>\n<li>L&rsquo;\u00e9lecteur voudra bien prendre avec lui le mat\u00e9riel re\u00e7u de mani\u00e8re incompl\u00e8te ou incorrecte.<\/li>\n<\/ul>\n<p style=\"margin-bottom: 0;\"><strong>Si l&rsquo;\u00e9lecteur a d\u00e9m\u00e9nag\u00e9 r\u00e9cemment et qu&rsquo;il a d\u00e9j\u00e0 re\u00e7u le mat\u00e9riel de vote par son ancienne commune de domicile<\/strong><br \/>L&rsquo;\u00e9lecteur utilise le mat\u00e9riel d\u00e9j\u00e0 en sa possession, qui reste exceptionnellement valable.<\/p>\n<\/div>\n<\/div>\n<p>[\/et_pb_text][\/et_pb_column_inner][\/et_pb_row_inner][\/et_pb_column][et_pb_column type=\u00a0\u00bb1_4&Prime; _builder_version=\u00a0\u00bb4.16&Prime; custom_padding=\u00a0\u00bb|||\u00a0\u00bb global_colors_info=\u00a0\u00bb{}\u00a0\u00bb custom_padding__hover=\u00a0\u00bb|||\u00a0\u00bb][et_pb_sidebar area=\u00a0\u00bbet_pb_widget_area_12&Prime; _builder_version=\u00a0\u00bb4.16&Prime; _module_preset=\u00a0\u00bbdefault\u00a0\u00bb custom_padding=\u00a0\u00bb12px|||8px|false|false\u00a0\u00bb sticky_position=\u00a0\u00bbtop_bottom\u00a0\u00bb sticky_position_tablet=\u00a0\u00bbnone\u00a0\u00bb sticky_position_phone=\u00a0\u00bb\u00a0\u00bb sticky_position_last_edited=\u00a0\u00bbon|desktop\u00a0\u00bb border_width_all=\u00a0\u00bb1px\u00a0\u00bb border_color_all=\u00a0\u00bb#0C71C3&Prime; global_colors_info=\u00a0\u00bb{}\u00a0\u00bb][\/et_pb_sidebar][\/et_pb_column][\/et_pb_section]<\/p>\n","protected":false},"excerpt":{"rendered":"<p>Derni\u00e8re(s) votation(s) : R\u00e9sultat des votations du 13 juin 2021 Assembl\u00e9e de commune 07 Mars 2021 R\u00e9sultats votation 07 Mars 2021 Comment voter &#8211; Principes Chaque \u00e9lecteur re\u00e7oit \u00e0 son [&hellip;]<\/p>\n","protected":false},"author":1,"featured_media":0,"parent":0,"menu_order":0,"comment_status":"closed","ping_status":"closed","template":"","meta":{"_et_pb_use_builder":"on","_et_pb_old_content":"","_et_gb_content_width":"","footnotes":""},"class_list":["post-535","page","type-page","status-publish","hentry"],"_links":{"self":[{"href":"https:\/\/chavannes-le-veyron.ch\/index.php\/wp-json\/wp\/v2\/pages\/535","targetHints":{"allow":["GET"]}}],"collection":[{"href":"https:\/\/chavannes-le-veyron.ch\/index.php\/wp-json\/wp\/v2\/pages"}],"about":[{"href":"https:\/\/chavannes-le-veyron.ch\/index.php\/wp-json\/wp\/v2\/types\/page"}],"author":[{"embeddable":true,"href":"https:\/\/chavannes-le-veyron.ch\/index.php\/wp-json\/wp\/v2\/users\/1"}],"replies":[{"embeddable":true,"href":"https:\/\/chavannes-le-veyron.ch\/index.php\/wp-json\/wp\/v2\/comments?post=535"}],"version-history":[{"count":11,"href":"https:\/\/chavannes-le-veyron.ch\/index.php\/wp-json\/wp\/v2\/pages\/535\/revisions"}],"predecessor-version":[{"id":1992,"href":"https:\/\/chavannes-le-veyron.ch\/index.php\/wp-json\/wp\/v2\/pages\/535\/revisions\/1992"}],"wp:attachment":[{"href":"https:\/\/chavannes-le-veyron.ch\/index.php\/wp-json\/wp\/v2\/media?parent=535"}],"curies":[{"name":"wp","href":"https:\/\/api.w.org\/{rel}","templated":true}]}}